s 1277a + -3?
12777
In base 4, what is -12301313 - -2323?
-12232330
In base 9, what is 143 + 1444?
1587
In base 12, what is 231ab + 3?
231b2
In base 12, what is -6b008 - 4?
-6b010
In base 3, what is -200102012 + 2?
-200102010
In base 6, what is -5 + -15522411?
-15522420
In base 3, what is 120210 - -2100?
200010
In base 4, what is 22111 + 31?
22202
In base 6, what is 1015204 + -221?
1014543
In base 9, what is 107038 + 0?
107038
In base 2, what is 100010011000 + 110010?
100011001010
In base 4, what is -3 + -13103202?
-13103211
In base 13, what is -347 + -a?
-354
In base 11, what is -3a3 - 67a?
-a72
In base 2, what is -11110100010111 - 111101100?
-11111100000011
In base 2, what is -10011010100011011 + 10?
-10011010100011001
In base 5, what is 42211 + -34?
42122
In base 5, what is 420404 + 112?
421021
In base 9, what is -72064 - 1?
-72065
In base 5, what is 1102112 + 4?
1102121
In base 11, what is -2 + 35260?
35259
In base 10, what is 410179 - 3?
410176
In base 3, what is -12102 - -2102?
-10000
In base 2, what is 10110110001010101 + -101?
10110110001010000
In base 14, what is 453 - bb?
376
In base 2, what is -10101010100 - -1010?
-10101001010
In base 3, what is -211201200 - 1122?
-211210022
In base 13, what is -2 - -27261?
2725c
In base 6, what is 53235 - 222?
53013
In base 16, what is eab5 + -1?
eab4
In base 3, what is -122011000002 - -11?
-122010222221
In base 8, what is 5140 - -1131?
6271
In base 12, what is -86 + 444?
37a
In base 15, what is 1a127 + 3?
1a12a
In base 10, what is 1578 - -1?
1579
In base 11, what is 1983 + -72?
1911
In base 7, what is -5 + 306266?
306261
In base 16, what is 495b + 1b?
4976
In base 3, what is -21 - -12002112221?
12002112200
In base 4, what is 1022 + 33111?
100133
In base 14, what is -70b44 - 5?
-70b49
In base 5, what is -1 - 4024330?
-4024331
In base 12, what is -1667 + -13?
-167a
In base 8, what is -1102 - 21067?
-22171
In base 8, what is 22 - 1204?
-1162
In base 6, what is -2112010 + -22?
-2112032
In base 2, what is -11010100010100001000 - 1?
-11010100010100001001
In base 14, what is -23 - 1524?
-1547
In base 3, what is -11121101 - 12000?
-11210101
In base 10, what is -161 - -12279?
12118
In base 11, what is -5406 - 3a?
-5445
In base 9, what is 6118 - -38?
6157
In base 15, what is 9 - b37?
-b2d
In base 3, what is -102121112 - 100?
-102121212
In base 8, what is -126260 + -3?
-126263
In base 3, what is 101012 + -221021120?
-220220101
In base 7, what is 10422 + -4?
10415
In base 13, what is -618001 + -5?
-618006
In base 4, what is 21213 + 233?
22112
In base 7, what is -50 + -61625?
-62005
In base 7, what is 30 - -1520005?
1520035
In base 16, what is -3 - -16af4?
16af1
In base 14, what is 4 + 35c84?
35c88
In base 8, what is 6400 - 55?
6323
In base 12, what is 2b121 - 18?
2b105
In base 12, what is -3291 + 1a5?
-30a8
In base 14, what is 5 - -262a?
2631
In base 15, what is -c9e + -30?
-cce
In base 7, what is 36 - -61226?
61265
In base 15, what is 7 - 7b37?
-7b30
In base 8, what is -2740 - 25?
-2765
In base 8, what is -405 + 5131?
4524
In base 7, what is -345 + 30603?
30225
In base 8, what is -2772 - 17?
-3011
In base 3, what is 20121 + 11200201?
11221022
In base 2, what is -110 - 1111110110100001?
-1111110110100111
In base 15, what is 5 + 40e?
414
In base 4, what is -232131 + -22?
-232213
In base 6, what is -205 + 33502?
33253
In base 6, what is -21112 + 234?
-20434
In base 2, what is 100 - -1011101111111?
1011110000011
In base 4, what is -21032323 + -3?
-21032332
In base 11, what is -1252 + -7?
-1259
In base 14, what is 5 + 1cc90?
1cc95
In base 11, what is -2 + -301746?
-301748
In base 16, what is 10 - 17b7?
-17a7
In base 15, what is 5 + 8832?
8837
In base 14, what is 23 - -3705?
3728
In base 15, what is b + e1c3?
e1ce
In base 10, what is 13085 - -25?
13110
In base 2, what is 1101111010100 + -1001011?
1101110001001
In base 10, what is 59869 - 11?
59858
In base 14, what is -1 - 4745?
-4746
In base 12, what is 2 + 145aba?
145b00
In base 11, what is 4 - -8581?
8585
In base 8, what is 137205 - 14?
137171
In base 5, what is -1 - 424441?
-424442
In base 10, what is 2 - 9169?
-9167
In base 4, what is 100033 + 13331?
120030
In base 7, what is -52513 + 3?
-52510
In base 7, what is 0 - 3415300?
-3415300
In base 9, what is 1 - -335482?
335483
In base 2, what is 1 + -10011101101011?
-10011101101010
In base 7, what is -5 - 1253646?
-1253654
In base 15, what is -5 - 37252?
-37257
In base 11, what is 88768 - -1?
88769
In base 11, what is 3374 - -142?
3506
In base 14, what is 95 + -3112?
-305b
In base 16, what is 31d24 + -a?
31d1a
In base 5, what is 1030122 + 112?
1030234
In base 9, what is 2 + -4281?
-4278
In base 7, what is -152364 - 130?
-152524
In base 11, what is -4671 - a?
-4680
In base 6, what is 1033201 - 0?
1033201
In base 4, what is -2231321 - -22?
-2231233
In base 9, what is 832 + 14?
846
In base 10, what is 60312 - 15?
60297
In base 13, what is -93 + -252?
-315
In base 11, what is 3a7 - -230?
627
In base 11, what is -10 - -62?
52
In base 14, what is 3 + 14958?
1495b
In base 15, what is 0 + -6ccc6?
-6ccc6
In base 8, what is 463 - 102?
361
In base 10, what is 2 + -7493?
-7491
In base 4, what is -100 + -131302332?
-131303032
In base 2, what is -10001 - 100110101011?
-100110111100
In base 16, what is -67 - 7b?
-e2
In base 12, what is -1309 - 5?
-1312
In base 5, what is -10 - -3122201?
3122141
In base 6, what is 2423413 + -5?
2423404
In base 3, what is 110111 - -2021022?
2201210
In base 3, what is 21100201 + 110?
21101011
In base 9, what is 2 + -6601?
-6588
In base 6, what is 112 + 10?
122
In base 3, what is -10210 + 1021?
-2112
In base 15, what is 2462 - -3?
2465
In base 9, what is -5 + -124633?
-124638
In base 3, what is 200122 + 21012?
221211
In base 5, what is -343114 + 202?
-342412
In base 5, what is 34 - -4010?
4044
In base 2, what is 110011100001 - -100010?
110100000011
In base 5, what is -3424231 - 3?
-3424234
In base 12, what is -59 - -692?
635
In base 14, what is 1ba - 1?
1b9
In base 12, what is -18 + -717?
-733
In base 5, what is 122303 - 2?
122301
In base 7, what is -233005 - 4?
-233012
In base 7, what is 3302 - 2542?
430
In base 11, what is 90a83 - -18?
90aa0
In base 8, what is 60 + 34327?
34407
In base 5, what is -1344011 - 1340?
-1400401
In base 5, what is 10 - -202110000?
202110010
In base 7, what is -5 - 54005?
-54013
In base 10, what is 1 - 650459?
-650458
In base 9, what is 16 + -150277?
-150261
In base 11, what is 3655 + 48?
36a2
In base 13, what is 10421 + 3?
10424
In base 3, what is -1111000021002 + 10?
-1111000020222
In base 15, what is -2ce - -11?
-2bd
In base 12, what is 1114 - -203?
1317
In base 15, what is 1 - -1a54d?
1a54e
In base 14, what is -2a - 197?
-1c3
In base 9, what is -8181 - -83?
-8087
In base 2, what is -11 - -10010101111000?
10010101110101
In base 15, what is -2cb14 - 20?
-2cb34
In base 9, what is 10 - 26348?
-26338
In base 15, what is -cd + 6aa?
5cc
In base 15, what is -251b8 - -4?
-251b4
In base 13, what is -1608 + -37?
-1642
In base 12, what is -5 - 1a101?
-1a106
In base 5, what is -32420214 - 4?
-32420223
In base 11, what is 0 + 303a?
303a
In base 6, what is -322 - -22?
-300
In base 14, what is 1ab0c + 1?
1ab0d
In base 16, what is -b93 + -2c?
-bbf
In base 13, what is 499 + -56?
443
In base 14, what is -3 + -1c5dc?
-1c601
In base 7, what is -510 - 463?
-1303
In base 16, what is 1 + 214a27?
214a28
In base 4, what is 2 - 1322233?
-1322231
In base 5, what is -10 + -132032?
-132042
In base 7, what is 542213 + -11?
542202
In base 5, what is 13232 + -40?
13142
In base 5, what is -11331 - 1303?
-13134
In base 3, what is -10 + 1220221010?
1220221000
In base 16, what is 2ba + -c3?
1f7
In base 4, what is -1123002 + -232?
-1123300
In base 13, what is 19 + 24cc4?
25010
In base 13, what is -26b49 + 3?
-26b46
In base 14, what is -c36944 + -4?
-c36948
In base 6, what is 35550 + 21?
40011
In base 3, what is -21010200 + -12211?
-21100111
In base 11, what is -522 - 10?
-532
In base 16, what is -5e08 + -1?
-5e09
In base 14, what is -1 + -6051?
-6052
In base 2, what is -100 - 101101100000111000?
-101101100000111100
In base 9, what is 13 - 375?
-362
In base 6, what is 5312052 - -11?
5312103
In base 6, what is 5003435 - 5?
5003430
In base 7, what is 5055 - -56?
5144
In base 6, what is -1 + -1342215?
-